24
What is the remainder when 201 is divided by 53?
42
Calculate the remainder when 415 is divided by 129.
28
Calculate the remainder when 79 is divided by 8.
7
What is the remainder when 167 is divided by 17?
14
What is the remainder when 47789 is divided by 16?
13
Calculate the remainder when 7393 is divided by 821.
4
What is the remainder when 203 is divided by 16?
11
What is the remainder when 123 is divided by 46?
31
What is the remainder when 154 is divided by 65?
24
What is the remainder when 154 is divided by 36?
10
Calculate the remainder when 96 is divided by 14.
12
What is the remainder when 666 is divided by 333?
0
Calculate the remainder when 107 is divided by 42.
23
Calculate the remainder when 1282 is divided by 161.
155
Calculate the remainder when 32425 is divided by 31.
30
What is the remainder when 729 is divided by 43?
41
What is the remainder when 154 is divided by 52?
50
What is the remainder when 314 is divided by 63?
62
Calculate the remainder when 451 is divided by 7.
3
What is the remainder when 358 is divided by 6?
4
What is the remainder when 183 is divided by 87?
9
Calculate the remainder when 394 is divided by 132.
130
What is the remainder when 22 is divided by 20?
2
What is the remainder when 643 is divided by 168?
139
Calculate the remainder when 757 is divided by 34.
9
What is the remainder when 126 is divided by 36?
18
What is the remainder when 139 is divided by 62?
15
Calculate the remainder when 788 is divided by 149.
43
What is the remainder when 6 is divided by 2?
0
Calculate the remainder when 64 is divided by 13.
12
What is the remainder when 2189 is divided by 73?
72
Calculate the remainder when 220 is divided by 77.
66
What is the remainder when 127 is divided by 44?
39
Calculate the remainder when 831 is divided by 16.
15
What is the remainder when 229 is divided by 38?
1
What is the remainder when 102 is divided by 26?
24
What is the remainder when 4592 is divided by 21?
14
What is the remainder when 258 is divided by 59?
22
What is the remainder when 55 is divided by 35?
20
What is the remainder when 279 is divided by 112?
55
Calculate the remainder when 185 is divided by 84.
17
Calculate the remainder when 175 is divided by 110.
65
Calculate the remainder when 35 is divided by 12.
11
Calculate the remainder when 355 is divided by 22.
3
What is the remainder when 1291 is divided by 65?
56
Calculate the remainder when 380 is divided by 60.
20
What is the remainder when 28496 is divided by 300?
296
What is the remainder when 3274 is divided by 113?
110
What is the remainder when 269 is divided by 118?
33
What is the remainder when 140 is divided by 48?
44
Calculate the remainder when 2252 is divided by 249.
11
Calculate the remainder when 970 is divided by 164.
150
What is the remainder when 156 is divided by 79?
77
What is the remainder when 428 is divided by 83?
13
What is the remainder when 5147 is divided by 50?
47
Calculate the remainder when 176 is divided by 59.
58
What is the remainder when 1651 is divided by 404?
35
Calculate the remainder when 754 is divided by 54.
52
Calculate the remainder when 132 is divided by 33.
0
What is the remainder when 85 is divided by 30?
25
Calculate the remainder when 142 is divided by 18.
16
What is the remainder when 1356 is divided by 2?
0
What is the remainder when 5009 is divided by 358?
355
Calculate the remainder when 1263 is divided by 23.
21
Calculate the remainder when 7454 is divided by 8.
6
What is the remainder when 445 is divided by 126?
67
What is the remainder when 110 is divided by 31?
17
What is the remainder when 204 is divided by 66?
6
What is the remainder when 7976 is divided by 25?
1
What is the remainder when 184 is divided by 89?
6
Calculate the remainder when 2577 is divided by 86.
83
Calculate the remainder when 422 is divided by 156.
110
Calculate the remainder when 112 is divided by 31.
19
What is the remainder when 14 is divided by 8?
6
Calculate the remainder when 4422 is divided by 123.
117
What is the remainder when 25 is divided by 12?
1
What is the remainder when 60 is divided by 2?
0
What is the remainder when 669 is divided by 112?
109
Calculate the remainder when 413 is divided by 35.
28
What is the remainder when 489 is divided by 101?
85
Calculate the remainder when 334 is divided by 138.
58
Calculate the remainder when 173 is divided by 76.
21
Calculate the remainder when 97 is divided by 10.
7
Calculate the remainder when 492 is divided by 126.
114
What is the remainder when 979 is divided by 201?
175
Calculate the remainder when 251 is divided by 17.
13
Calculate the remainder when 64 is divided by 21.
1
What is the remainder when 312 is divided by 297?
15
What is the remainder when 142 is divided by 16?
14
What is the remainder when 194 is divided by 18?
14
Calculate the remainder when 5504 is divided by 239.
7
What is the remainder when 142 is divided by 8?
6
Calculate the remainder when 570 is divided by 129.
54
What is the remainder when 289 is divided by 29?
28
What is the remainder when 263 is divided by 88?
87
What is the remainder when 593 is divided by 24?
17
Calculate the remainder when 1796 is divided by 50.
46
Calculate the remainder when 213 is divided by 107.
106
Calculate the remainder when 3237 is divided by 40.
37
Calculate the remainder when 194 is divided by 17.
7
What is the remainder when 79 is divided by 13?
1
Calculate the remainder when 284 is divided by 11.
9
Calculate the remainder when 22 is divided by 13.
9
Calculate the remainder when 11515 is divided by 1439.
3
Calculate the remainder when 793 is divided by 51.
28
Calculate the remainder when 3207 is divided by 201.
192
What is the remainder when 275 is divided by 62?
27
What is the remainder when 214 is divided by 48?
22
What is the remainder when 636 is divided by 91?
90
Calculate the remainder when 114 is divided by 33.
15
What is the remainder when 83 is divided by 22?
17
What is the remainder when 4674 is divided by 65?
59
Calculate the remainder when 490 is divided by 31.
25
What is the remainder when 172 is divided by 11?
7
What is the remainder when 2143 is divided by 65?
63
What is the remainder when 27 is divided by 11?
5
What is the remainder when 20500 is divided by 101?
98
What is the remainder when 8739 is divided by 92?
91
Calculate the remainder when 232 is divided by 26.
24
Calculate the remainder when 39 is divided by 10.
9
What is the remainder when 135 is divided by 44?
3
What is the remainder when 417 is divided by 22?
21
What is the remainder when 4971 is divided by 44?
43
Calculate the remainder when 538 is divided by 108.
106
Calculate the remainder when 13366 is divided by 24.
22
What is the remainder when 921 is divided by 265?
126
Calculate the remainder when 47 is divided by 13.
8
What is the remainder when 479 is divided by 14?
3
Calculate the remainder when 623 is divided by 48.
47
Calculate the remainder when 703 is divided by 195.
118
Calculate the remainder when 30 is divided by 16.
14
Calculate the remainder when 1312 is divided by 59.
14
What is the remainder when 140 is divided by 15?
5
What is the remainder when 84 is divided by 27?
3
What is the remainder when 1133 is divided by 375?
8
Calculate the remainder when 356 is divided by 107.
35
What is the remainder when 15690 is divided by 5226?
12
What is the remainder when 328 is divided by 131?
66
Calculate the remainder when 162 is divided by 51.
9
Calculate the remainder when 10871 is divided by 39.
29
Calculate the remainder when 20017 is divided by 55.
52
Calculate the remainder when 1071 is divided by 116.
27
Calculate the remainder when 646 is divided by 11.
8
What is the remainder when 40 is divided by 14?
12
Calculate the remainder when 2061 is divided by 24.
21
What is the remainder when 277 is divided by 79?
40
What is the remainder when 194 is divided by 51?
41
What is the remainder when 1466 is divided by 59?
50
What is the remainder when 20 is divided by 11?
9
Calculate the remainder when 1558 is divided by 507.
37
What is the remainder when 279 is divided by 57?
51
What is the remainder when 57 is divided by 45?
12
What is the remainder when 3940 is divided by 5?
0
Calculate the remainder when 228 is divided by 122.
106
What is the 